ns digit of z?
9
Suppose -4*l + 7 = -z + 36, 0 = -2*z + 3*l + 63. What is the tens digit of z?
3
Let c = -3 - -6. Suppose r = c*b - 9, 3*r + 8 = 3*b - 7. Let s(y) = 2*y**2 + 4*y. What is the units digit of s(r)?
6
Suppose -5*b + o + 78 = -73, 2*b - 2*o = 62. What is the tens digit of b?
3
Suppose 2*v = 4*v + 4*b - 54, 16 = -4*b. What is the tens digit of v?
3
Let w = -152 + 213. What is the tens digit of w?
6
Let h(x) = -x**2 - 7*x + 2. Let d be h(-7). Suppose -d*f + 5*s = -3*f + 15, 3*f + 2*s = 45. What is the units digit of f?
5
Let c be 2/(-4)*(1 - 1). Suppose -s + 3*w = -c*s - 2, -3*s = w - 6. What is the units digit of s?
2
Let b(t) = 16*t**2. Let j be b(1). Let w be (-4)/18 + (-980)/(-36). Let d = w - j. What is the units digit of d?
1
Suppose 3*f = 5*f - 22. Let w = f - 6. What is the units digit of 66/10 - (-2)/w?
7
Let w be 0 + (-3)/(12/(-128)). Let u = 50 - w. What is the tens digit of u?
1
Suppose 78 = w + 2*s, -2*w + 0*s - 2*s = -152. What is the units digit of w?
4
What is the units digit of 32/56 + 198/21?
0
Suppose 0 = b - 2*b + 121. Suppose -5*y + 125 = -5*v, -2*y + b = 3*y - 4*v. Suppose -3*j + y = -3*l + 9, l - 14 = -2*j. What is the units digit of j?
6
Let f = 58 + 4. What is the tens digit of f?
6
Suppose 2*k + 8 = 4*p, -4*k - 2 = -5*p + 11. What is the units digit of p*(-15 + 2)*-1?
3
Let t(j) = j**3 + 6*j**2 - 7*j - 4. Let s be t(-6). Suppose -90 = -4*h - s. What is the units digit of h?
3
Let i = 68 - 41. What is the units digit of i?
7
What is the units digit of (-1)/(-2) - (-333)/6?
6
Let v(c) be the first derivative of 5*c**2 - 3. What is the tens digit of v(2)?
2
Suppose -5*r - 2*s = -0*r - 69, -23 = -r - 5*s. What is the tens digit of r?
1
Suppose y + 1 = w + 7, 2*y = -5*w - 23. Let v be 6/(-21) - 144/(-14). Suppose -3*q + v = y. What is the units digit of q?
3
Let u = 7 - 5. What is the units digit of (0 + u)*(-10)/(-4)?
5
Suppose -12*l - 36 = 156. Suppose -2*k = -0*k - 3*m - 50, 0 = 3*k - 4*m - 75. Let q = k + l. What is the units digit of q?
9
What is the tens digit of (-1)/((-1795)/(-360) - 5)?
7
Let o(t) = t**2 + t - 2. Let d be (102/(-6))/(0 - 1). Suppose -a + d = -4*g, -2*g + 3*a = g + 24. What is the units digit of o(g)?
4
Suppose 44 = 6*m - 2*m. What is the tens digit of m?
1
Let q be (-10)/(-25) - 46/(-10). Suppose q*j + 3*d - 12 = -0*d, -5*d = 5*j - 10. What is the units digit of 12/5*10/j?
8
Suppose -3*h = 2*h, 3*h = q - 16. What is the units digit of q?
6
Suppose -b - 20 + 60 = 0. What is the tens digit of b?
4
Suppose 0 = 5*f - f. Suppose -52 - 14 = -3*t + 3*q, -t - q + 14 = f. What is the tens digit of t?
1
Let u = 5 - 3. Suppose u*r + 2 = 3*r. Suppose r*l - 3*z = 3*l - 21, 0 = 2*l + 2*z - 22. What is the units digit of l?
6
Suppose 2*g = -0*g - 6. Let j(q) = -q**2 - 5*q - 4. Let a be j(g). What is the units digit of (a/(-7))/((-4)/28)?
2
Suppose 2 = -f - 0*f, -3*u - 17 = -2*f. Let r(s) be the first derivative of s**2/2 + 10*s - 20. What is the units digit of r(u)?
3
Let d(w) = -w**2 - 3*w + 4. Let p be d(-5). Let b(f) = -4*f. What is the units digit of b(p)?
4
Let i = 3 - 8. Let w be ((-5)/i)/((-1)/(-5)). Suppose 0 = -w*j + 35 + 60. What is the tens digit of j?
1
Let b be (-7)/14 - 26/(-4). Suppose g - b*g = -220. What is the units digit of g?
4
Suppose -2*z = -57 + 11. What is the tens digit of z?
2
Suppose -j - j = -4. What is the units digit of j?
2
Suppose 3*m - 60 = -0*m. What is the units digit of m?
0
Let l be (-6)/15 - 1854/(-10). Suppose -4*g - g - 4*p = -l, -4*g = -p - 127. What is the tens digit of g?
3
Let g(b) = b**3 - 8*b**2 + 7*b - 2. Let p be g(7). What is the units digit of (5/1 + p)*1?
3
Let l(u) be the third derivative of u**4/8 + 6*u**2. Let p = 1 + 2. What is the units digit of l(p)?
9
Let k(x) = -x**2 + 4*x + 2. Let y be k(4). Suppose -y*g = 19 - 75. What is the units digit of g?
8
Suppose 6*p - 2*p + 20 = 0. Let i = 4 - p. What is the units digit of i?
9
Let i be (-60)/(-35) - 4/(-14). Suppose 6 = 3*o + i*p, -2*o + 2*p - 1 = -15. Suppose -5*m + o*v + 80 = 0, 8 = m + v - 8. What is the units digit of m?
6
Suppose -29 = -d - 2*k, -4*d - d + k = -178. What is the tens digit of d?
3
Suppose 85 = 5*v - 15. Suppose v = 2*x - 2. What is the tens digit of x?
1
What is the units digit of 9*(40/12 + -2) - -2?
4
Suppose -26 - 6 = 4*g. Let q = 10 - g. What is the units digit of 1/(2*1/q)?
9
Suppose 2*m - 84 = -2*m. What is the tens digit of m?
2
Suppose -2*o - 2*d + 84 = 0, o - d + 3 - 47 = 0. What is the tens digit of o?
4
What is the tens digit of -7 + 8 - 97*-1?
9
Let f = 5 + 2. Let x(n) = n**3 - 8*n**2 + 11*n - 9. What is the tens digit of x(f)?
1
Suppose 2*k - 4*v = -2*v + 6, 4*v - 23 = -3*k. Let r = k - 8. Let p = 7 - r. What is the tens digit of p?
1
Let p(n) = -21*n**2 - 3*n - 2. Let v be p(-2). What is the tens digit of (-6)/(-5)*v/(-6)?
1
Let t(y) = -20*y - 9. What is the units digit of t(-4)?
1
Let k(w) = -w**3 - 7*w**2 - 6*w + 3. Let m be k(-6). Let d be ((-5)/m)/(2/(-6)). Suppose d*v = v + 4. What is the units digit of v?
1
Suppose 3*z + 0*z = -4*f + 86, -2*z + 80 = -3*f. What is the units digit of z?
4
Let g(s) = 9*s**2 - 1. What is the tens digit of g(-2)?
3
Let d be (-1992)/(-42) - 6/14. What is the units digit of (-2*d)/(-4 + 2)?
7
Suppose -8 = 2*o, 2*n - 5*o - 20 = 3*n. Suppose -y + 1 = 5*k - 19, n = 4*y + 2*k - 98. What is the units digit of y?
5
Suppose 0 = 2*q - 4*b - 10 - 0, -5*q + 4*b = -25. Suppose 11 = -q*y + d, -5*y - d - 14 = -5*d. Let o(k) = -4*k - 1. What is the units digit of o(y)?
7
Suppose -1012 = -5*x - 62. What is the tens digit of x?
9
Suppose -16*f - 1655 + 4999 = 0. What is the tens digit of f?
0
Suppose -5*o = 3*l - 69, -l + 3 = -0*l. What is the units digit of o?
2
Suppose 3*s = 12*s - 486. What is the units digit of s?
4
Let f = 0 + 4. What is the units digit of f?
4
Let t be (-2)/5 + (-21)/(-45)*3. Suppose 3*i - 7*i = -12. What is the units digit of i/t - (-3 - -1)?
5
Suppose 5*j = -3*m - 28, 3*j + 4*m = 5*m - 28. Let o be (2/j)/(1/(-4)). Let s = 13 - o. What is the units digit of s?
2
Let o(p) = -p**3 - 4*p**2 + 4*p + 1. What is the tens digit of o(-6)?
4
Suppose -3*o - 2*o = 155. Let i = 51 + o. What is the units digit of i?
0
Suppose -5*s + 4*l = -95, 8*s + 4*l = 3*s + 55. What is the tens digit of s?
1
Let x(q) = -3*q + q**3 + 4*q**2 + 1 + 3 - 6*q**2. Let o be x(3). What is the units digit of (1 - 0)*(o + 1)?
5
Let x(a) = -a**2 + 8*a - 2. What is the units digit of x(7)?
5
Let j(v) = v**2 - 4*v - 2. Let k be j(7). Suppose 4*y - 53 = k. What is the tens digit of y?
1
Let l(r) be the second derivative of r**5/20 - 11*r**4/12 - 7*r**3/6 - 5*r**2 + 9*r. What is the units digit of l(12)?
0
Suppose -4*g + 16 = 4. Suppose -5*i = -g*i - 26. What is the tens digit of i?
1
Let t(v) = 2*v**3 + 3*v + 2. Let l(y) = -1 + 6*y + 4 + 3*y**3 + 0*y**3 - 6*y**2 + 5*y**2. Let p(d) = -3*l(d) + 5*t(d). What is the units digit of p(-3)?
0
Suppose -z - 3 = -y, 4*z = y + y - 6. Suppose 5*f - 6 + 1 = z. What is the units digit of 2/1 + (0 - f)?
1
Suppose -80 = -4*i - 0. What is the tens digit of ((-15)/(-10))/(3/i)?
1
Let l(z) = 3*z**2 - 7*z + 2. Let m be l(5). Suppose 3*u - 3 - m = 0. Suppose 6*n = n + u. What is the units digit of n?
3
Suppose 3 = 3*z, -z + 52 = 2*a + z. What is the tens digit of a?
2
Let b(v) = 11*v**2 + v. Let p = 2 + 0. Suppose 0*g - 2 = p*g. What is the tens digit of b(g)?
1
Let q(y) = 4*y**2 - 2*y - 9. Let d = -9 - -13. What is the tens digit of q(d)?
4
Suppose 0 = -b - 5 + 3. What is the units digit of b/(2 - 0) + 16?
5
Suppose -4*s - 136 = 96. Let o = s - -89. What is the units digit of o?
1
Let s = -6 + 8. Suppose -4*i - 45 = -m, i = -0*i - s. What is the tens digit of m?
3
Let c = 0 + 8. Let q = -6 + c. Suppose q = -2*r + 14. What is the units digit of r?
6
Let x = 221 - 141. What is the tens digit of x?
8
Let n(c) = 2*c - 8. Suppose 5*k - 19 - 56 = 0. What is the tens digit of n(k)?
2
Let c be (2/3)/(4/18). Suppose p + c*p + 4 = 0. What is the units digit of (5 + (1 - p))*1?
7
Let o = -5 + 10. Suppose 2*v - 6*v = -d - 13, -o*v = d - 23. Suppose 5*y - 2*x = 2*y + 17, -5*y = d*x - 60. What is the units digit of y?
9
Suppose 2*q - 2 = -3*k, -2*q + k - 2 = -12. Let c(n) = n**2 - n + 3. What is the units digit of c(q)?
5
Let b be 1/((-1)/2*-1)